 Calculate g(-4).
18
Let w(u) = -u**3 + 15*u**2 - 13*u + 12. Determine w(14).
26
Let k(q) = 3*q - 48. What is k(-19)?
-105
Let b(o) = -228*o - 1596. What is b(-7)?
0
Let o(z) = -z**3 - 4*z**2 + 4*z + 10. Give o(-5).
15
Let l(r) = -r - 27. What is l(-21)?
-6
Let k(n) = n**2 + 2*n - 4. What is k(-9)?
59
Let n(p) = p**3 + 11*p**2 + 24*p + 4. Calculate n(-8).
4
Let i(f) = -f**3 + 17*f**2 - 2. Give i(17).
-2
Let t(h) = -h - 9. What is t(-4)?
-5
Let o(g) = g**3 + 4*g**2 - 29*g - 30. Determine o(-8).
-54
Let n(v) = 26*v**2 + 182*v - 5. Determine n(-7).
-5
Let h(k) = k**3 + 6*k**2 + 9*k + 17. Calculate h(-5).
-3
Let d(t) = -t**3 - 9*t**2 - 10*t + 1. Give d(-8).
17
Let s(r) = -5*r - 82. Calculate s(-15).
-7
Let u(i) = i**3 - 6*i**2 + 3*i + 6. What is u(5)?
-4
Let z(q) = q**3 + 10*q**2 - 7*q - 7. Calculate z(-9).
137
Let g(i) = -7*i**2 + 4*i - 3. Calculate g(2).
-23
Let q(x) = -4*x**2 + 4*x - 6. Give q(4).
-54
Let s(j) = -j**2 - 14*j - 11. Give s(-6).
37
Let z(g) = g**2 + 16*g - 2. Give z(0).
-2
Let y(a) = -10*a**2 + 3*a - 4. Determine y(1).
-11
Let g(o) = 16*o**2 + 5*o. What is g(-2)?
54
Let u(z) = -94*z - 91. Give u(-1).
3
Let n(s) = -s + 11. What is n(3)?
8
Let u(y) = -14*y**2 - 4*y - 3. Give u(-3).
-117
Let d(h) = -38*h + 574. Give d(15).
4
Let o(z) = z**3 - 8*z**2 - 34*z + 6. Determine o(11).
-5
Let b(u) = u**3 - 4*u**2 - u + 4. What is b(4)?
0
Let s(t) = -t**2 + 7*t - 6. What is s(6)?
0
Let g(v) = v + 11. Calculate g(-4).
7
Let w(q) = q**3 + 18*q**2 + 15*q - 41. Determine w(-17).
-7
Let b(l) = -10*l**2 + 8*l + 2. What is b(1)?
0
Let m(c) = c**2 - 15*c - 16. Give m(16).
0
Let r(j) = j**2 - 7*j - 29. Calculate r(-3).
1
Let a(k) = -k**2 + 8*k + 10. Calculate a(9).
1
Let n(j) = -j**2 + 12*j - 23. Calculate n(7).
12
Let f(s) = s**3 - 8*s**2 + 2*s. What is f(8)?
16
Let u(l) = -l**2 + 21*l + 43. Give u(18).
97
Let i(w) = 29*w - 69. Calculate i(2).
-11
Let c(q) = 2*q**3 - 18*q**2 + 41*q - 2. What is c(5)?
3
Let y(j) = 10*j**3 + 2*j**2 - 2*j - 7. What is y(-2)?
-75
Let c(j) = -3*j**2 + 1. What is c(-1)?
-2
Let s(r) = 9*r + 2. Calculate s(-1).
-7
Let g(k) = -k**2 - 6*k + 7. Give g(-6).
7
Let k(l) = -2*l - 4. What is k(-3)?
2
Let g(c) = -c**2 + 15*c + 10. Calculate g(16).
-6
Let h(f) = f**3 - 4*f**2 + 3*f - 1. Calculate h(3).
-1
Let o(d) = -21*d + 58. Determine o(3).
-5
Let k(m) = -5*m**2 + 14*m - 21. Give k(2).
-13
Let o(x) = 5*x + 6. What is o(-2)?
-4
Let g(h) = -3*h**2 - 2*h - 2. Determine g(-2).
-10
Let b(n) = n**3 - 7*n**2 + 12*n - 6. Give b(5).
4
Let j(q) = 14*q**3 + q**2 + q + 5. What is j(-2)?
-105
Let y(t) = 4*t**2 - 7*t - 33. Give y(-3).
24
Let u(q) = q**3 + 3. Determine u(2).
11
Let t(k) = -k**3 + 29*k**2 - 56*k + 52. Calculate t(27).
-2
Let o(p) = -p**3 + 7*p**2 + 2*p - 1. Determine o(7).
13
Let r(g) = -2*g + 1. Calculate r(-2).
5
Let j(r) = 2*r - 11. Give j(12).
13
Let l(d) = -3*d - 4. Calculate l(0).
-4
Let l(u) = -u - 16. Give l(-9).
-7
Let g(a) = 5*a**3 + 3*a**2 + 5*a + 5. What is g(-2)?
-33
Let j(y) = y**3 - 11*y**2 + 12*y + 2. Determine j(9).
-52
Let m(n) = -n**3 + 21*n**2 + 100*n + 5. What is m(-4)?
5
Let t(x) = x**2 - 12*x + 27. Give t(7).
-8
Let k(l) = l**3 - 10*l**2 + 12*l - 8. Calculate k(8).
-40
Let f(s) = s**2 - 3*s - 25. What is f(-4)?
3
Let z(r) = 2*r**2 + 45*r - 38. Determine z(-23).
-15
Let c(i) = -i - 3. Give c(1).
-4
Let h(z) = z**2 - 11*z + 9. Calculate h(4).
-19
Let w(c) = 2*c**3 - 6*c**2 + 4*c - 7. Calculate w(3).
5
Let n(l) = -l + 59. Calculate n(10).
49
Let h(z) = z - 7. Determine h(7).
0
Let o(x) = -x**3 + 5*x**2 + x + 6. Determine o(6).
-24
Let y(b) = 2*b + 24. Give y(-8).
8
Let o(u) = -26*u**2 + 4*u + 5. Determine o(-1).
-25
Let r(a) = -a**2 + 2*a + 28. Give r(10).
-52
Let r(v) = v**3 - 6*v - 4. Calculate r(3).
5
Let p(b) = -b**3 - 6*b**2 + 11*b + 10. What is p(-7)?
-18
Let f(q) = 2*q + 10. Give f(-8).
-6
Let k(q) = 4*q + 54. Give k(12).
102
Let s(m) = m**3 + 26*m**2 + 55*m + 163. Calculate s(-24).
-5
Let n(q) = -q**2 + 3*q + 12. Give n(9).
-42
Let g(w) = 5*w - 4. Determine g(-11).
-59
Let x(b) = b - 22. Determine x(11).
-11
Let l(x) = x - 18. Determine l(22).
4
Let j(b) = 10*b**2 - 2*b + 2. What is j(1)?
10
Let w(d) = -2*d**3 - d**2 + 2*d + 1. Calculate w(2).
-15
Let i(r) = -3*r - 49. Determine i(-14).
-7
Let d(u) = -3*u + 10. Give d(-10).
40
Let v(f) = -f**3 - 18*f**2 - 6*f - 107. What is v(-18)?
1
Let s(t) = t + 17. What is s(-3)?
14
Let g(s) = 51*s + 94. Give g(-2).
-8
Let w(g) = g**3 + 4*g**2 - 5*g + 2. What is w(-5)?
2
Let n(g) = g**2 + 14*g - 30. Calculate n(-15).
-15
Let m(q) = 2*q**2 + 20*q + 6. What is m(-8)?
-26
Let w(l) = -32*l**3 - 2*l**2 + 1. Give w(1).
-33
Let v(j) = -j + 4. Give v(-5).
9
Let b(w) = 3*w**3 + 2*w**2 + 4*w + 1. Determine b(-2).
-23
Let b(j) = -9*j + 5. Give b(5).
-40
Let a(u) = -4*u**3 - 4*u**2 + u + 4. Give a(2).
-42
Let j(l) = -l**2 + 37*l + 86. What is j(39)?
8
Let m(g) = 9*g - 9. Determine m(1).
0
Let m(u) = -26*u - 1. Give m(1).
-27
Let g(t) = -16*t + 7. Give g(2).
-25
Let s(o) = 2*o**2 - 12*o + 2. What is s(8)?
34
Let u(d) = 2*d**2 + 4*d + 1. Determine u(-5).
31
Let b(d) = -d**3 - 14*d**2 - 14*d - 16. Calculate b(-13).
-3
Let w(l) = l + 21. What is w(-14)?
7
Let z(j) = -5*j - 45. Determine z(-11).
10
Let w(s) = -s**2 - 14*s - 19. Give w(-9).
26
Let f(c) = -c**3 - 2*c**2 - 5*c - 1. Give f(-4).
51
Let k(w) = w**3 - 20*w**2 + 20*w - 30. Give k(19).
-11
Let u(s) = -2*s + 78. Determine u(43).
-8
Let u(b) = -b - 6. Give u(11).
-17
Let r(x) = x**3 + 8*x**2 - 11*x - 20. Determine r(-9).
-2
Let v(z) = z**2 + 33*z - 378. Calculate v(-42).
0
Let i(p) = -35*p + 6. What is i(0)?
6
Let v(y) = y + 17. What is v(-24)?
-7
Let h(p) = 4*p + 3. Determine h(12).
51
Let c(q) = -q**3 - 4*q**2 + 2*q. Give c(-3).
-15
Let s(c) = -c**3 + 4*c**2 + 2*c - 2. Calculate s(3).
13
Let q(x) = x**2 + 18*x - 32. Determine q(-19).
-13
Let s(j) = -2*j**2 - 43*j - 41. Give s(-19).
54
Let i(j) = -9*j - 1. Determine i(1).
-10
Let j(h) = 10*h - 58. Determine j(6).
2
Let d(r) = -r**3 + 7*r**2 + 10*r + 6. What is d(9)?
-66
Let m(j) = 3*j**2 + 6*j. Give m(-4).
24
Let w(t) = -t**2 + t + 3. Give w(-3).
-9
Let i(t) = -2*t**2 - t + 1. What is i(0)?
1
Let l(v) = -v - 47. Determine l(8).
-55
Let x(t) = t**3 + 8*t**2 - 16*t - 20. Calculate x(-10).
-60
Let j(f) = 11*f. Determine j(5).
55
Let h(w) = -w**2 - 6*w - 3. Determine h(-7).
-10
Let t(k) = k**3 + 10*k**2 + 13*k - 18. What is t(-8)?
6
Let r(x) = x**2 + 9*x - 6. What is r(-9)?
-6
Let p(g) = 2*g + 10. Determine p(8).
26
Let j(p) = p**3 - 6*p**2 - 6*p - 5. What is j(7)?
2
Let d(j) = -j**2 + 17*j + 25. Calculate d(21).
-59
Let d(n) = 2*n - 20. Calculate d(15).
10
Let t(l) = -2*l**2 + 4*l - 6. Calculate t(-3).
-36
Let r(a) = 2*a - 15. Determine r(-2).
-19
Let n(g) = -g**2 + 10*g - 24. Give n(3).
-3
Let w(i) = 2*i**3 - 12*i**2 - 2*i + 13. Determine w(6).
1
Let a(z) = 3*z**2 + 4*z + 4. Determine a(-2).
8
Let h(t) = -10*t - 48. Calculate h(-6).
12
Let i(d) = -2*d + 3. Give i(3).
-3
Let y(h) = -2*h - 11. Determine y(-9).
7
Let v(n) = -10*n - 44. Calculate v(-6).
16
Let b(y) = -y**3 - 3*y**2 - 4*y + 5. What is b(3)?
-61
Let f(b) = -b**2 - 14*b - 9. Determine f(-14).
-9
Let j(h) = -h**3 + 3*h**2 - 2*h - 2. Determine j(3).
-8
Let y(q) = q**2 + 19*q - 14. Give y(-22).
52
Let z(f) = 5*f. What is z(1)?
5
Let a(m) = 2*m**2 + m - 5. Calculate a(4).
31
Let r(a) = -a**2 - a - 2. Give r(-4).
-14
Let u(r) = 86*r + 3. Calculate u(1).
89
Let h(l) = -l + 22. Determine h(26).
-4
Let f(v) = -v**2 + 10. What is f(-4)?
-6
Let a(z) = -z**3 - 6*z**2 - z - 8. What is a(-5)?
-28
Let k(p) = -3*p - 3. What is k(-5)?
12
Let c(g) = 2*g**2 + 11*g + 7. Determine c(-4).
-5
Let v(q) = 3*q**2 - q - 1. What is v(2)?
9
Let p(l) = 2*l + 3. What is p(0)?
3
Let t(a) = -a**3 + 5*a**2 + 9*a - 13. Give t(6).
5
Let j(m) = 4*m + 12. Give j(-5).
-8
Let j(x) = 55*x + 159. Determine j(-3).
-6
Let h(k) = -k**3 - k**2 - 3*k + 4. Give h(1).
-1
Let s(f) = f**3 + 8*f**2 - 13*f - 14. Determine s(-8).
90
Let h(m) = m**2 + 8*m + 8. Calculate h(-1).
1
Let g(u) = -u**2 - 8*u - 1. What is g(-7)?
6
Let i(q) = -7*q - 124. Give i(-20).
16
Let h(y) = -2*y**2 - 7*y + 6. Calculate h(-5).
-9
Let n(c) = 2*c + 4. What is n(1)?
6
Let a(o) = -18*o**2 - 4*o - 3. Calculate a(-1).
-17
Let r(m) = 9*m + 2. Give r(-5).
-43
Let r(x) = 4*x - 9. Calculate r(5)